2 and 16.
8
Calculate the greatest common factor of 384 and 759936.
384
What is the greatest common divisor of 1427790 and 390?
390
What is the highest common divisor of 24256 and 1336?
8
Calculate the highest common factor of 16 and 15488.
16
Calculate the greatest common factor of 146 and 878.
2
What is the highest common factor of 266753 and 488?
61
What is the greatest common divisor of 24525 and 45?
45
What is the greatest common factor of 26960 and 137833?
337
Calculate the highest common factor of 10330 and 8110.
10
What is the highest common factor of 35696 and 2944?
368
Calculate the greatest common divisor of 340 and 23885.
85
Calculate the highest common factor of 85 and 2071705.
85
Calculate the highest common divisor of 1161 and 131322.
129
What is the greatest common divisor of 935 and 7315?
55
What is the highest common divisor of 2705 and 5?
5
What is the highest common divisor of 21850 and 92?
46
Calculate the greatest common divisor of 1545 and 4944.
309
Calculate the highest common divisor of 1795 and 142882.
359
Calculate the greatest common divisor of 1200 and 22104.
24
Calculate the greatest common divisor of 95518 and 2282.
326
Calculate the greatest common factor of 126682 and 1552.
194
What is the greatest common factor of 6528 and 4800?
192
What is the highest common factor of 960 and 1021824?
192
Calculate the greatest common divisor of 7676704 and 28.
28
Calculate the greatest common divisor of 650 and 22250.
50
Calculate the highest common divisor of 536 and 65660.
268
Calculate the greatest common factor of 352 and 4323616.
352
What is the highest common factor of 536 and 181838?
134
What is the greatest common factor of 254422 and 952?
238
Calculate the greatest common factor of 122 and 3297904.
122
Calculate the greatest common factor of 5408 and 2756.
52
Calculate the highest common divisor of 634925 and 1398.
233
Calculate the highest common factor of 324 and 3015.
9
Calculate the highest common divisor of 14070 and 110.
10
What is the greatest common factor of 449917 and 653?
653
Calculate the highest common factor of 12861 and 36.
9
What is the greatest common divisor of 694 and 245329?
347
What is the greatest common factor of 20 and 21500?
20
What is the highest common divisor of 24503 and 10534?
229
What is the highest common factor of 246 and 220?
2
Calculate the highest common factor of 786483 and 108.
27
What is the highest common factor of 48125 and 100?
25
Calculate the greatest common divisor of 228 and 24474.
6
Calculate the greatest common factor of 339018 and 6.
6
What is the highest common factor of 1608 and 1825884?
804
What is the highest common factor of 255541 and 4147?
143
Calculate the highest common divisor of 402 and 89043.
201
Calculate the highest common divisor of 22448 and 22816.
368
What is the greatest common factor of 5536 and 1568?
32
What is the greatest common factor of 776197 and 113?
113
Calculate the greatest common factor of 18 and 410946.
6
What is the greatest common divisor of 14 and 738206?
14
What is the greatest common divisor of 4975 and 20497?
199
Calculate the highest common divisor of 2698 and 22838.
38
What is the greatest common factor of 13 and 41067?
13
What is the greatest common factor of 5405 and 14805?
235
Calculate the highest common factor of 16994 and 87.
29
What is the highest common divisor of 79542 and 2106?
162
What is the greatest common factor of 1017 and 42149?
113
Calculate the highest common factor of 190926 and 18.
18
What is the greatest common divisor of 377 and 121075?
29
Calculate the highest common divisor of 56276 and 88.
44
What is the greatest common divisor of 760 and 934420?
380
What is the highest common divisor of 2501004 and 396?
132
Calculate the highest common factor of 252565 and 60.
5
Calculate the greatest common divisor of 2277 and 484242.
759
Calculate the greatest common divisor of 62781 and 612.
51
Calculate the highest common divisor of 204 and 2057.
17
What is the highest common divisor of 820 and 740?
20
Calculate the greatest common divisor of 40 and 449656.
8
Calculate the highest common divisor of 310 and 10372910.
310
What is the highest common factor of 324 and 247428?
108
What is the highest common factor of 36 and 106356?
12
What is the highest common factor of 17 and 355249?
17
Calculate the highest common divisor of 6255 and 37808.
139
What is the greatest common factor of 704 and 320672?
352
Calculate the highest common factor of 1870 and 22660.
110
Calculate the highest common factor of 450 and 28650.
150
Calculate the greatest common factor of 47500 and 1000.
500
What is the highest common factor of 25 and 31240?
5
Calculate the greatest common divisor of 278 and 38086.
278
Calculate the greatest common divisor of 6 and 650.
2
What is the greatest common factor of 17136 and 280224?
1008
What is the highest common factor of 483 and 322?
161
Calculate the highest common factor of 4032 and 9828.
252
What is the greatest common divisor of 1456 and 26544?
112
What is the greatest common factor of 238292 and 246?
82
What is the highest common factor of 17355 and 6240?
195
Calculate the greatest common divisor of 473 and 266729.
43
What is the greatest common factor of 38180 and 299?
23
Calculate the highest common factor of 13248 and 621.
207
Calculate the highest common factor of 1063395 and 360.
45
What is the highest common factor of 140141 and 1985?
397
What is the highest common divisor of 87 and 5133?
87
What is the highest common factor of 22127 and 2639?
203
What is the greatest common divisor of 56 and 231?
7
What is the greatest common factor of 281520 and 72?
72
Calculate the greatest common divisor of 1780 and 563815.
445
Calculate the greatest common divisor of 45558 and 18.
18
Calculate the greatest common factor of 490 and 190.
10
What is the highest common divisor of 8993 and 17?
17
Calculate the greatest common factor of 39269 and 107.
107
Calculate the greatest common factor of 367367 and 77.
77
What is the highest common divisor of 49266 and 306?
306
Calculate the highest common divisor of 727110 and 63.
9
What is the highest common divisor of 1140178 and 52?
26
Calculate the highest common factor of 23 and 290237.
23
Calculate the greatest common factor of 404 and 754571.
101
Calculate the greatest common divisor of 38 and 6973.
19
Calculate the highest common divisor of 207233 and 13.
13
What is the greatest common factor of 84 and 29323?
7
Calculate the greatest common divisor of 432 and 20196.
108
What is the highest common divisor of 389 and 13133807?
389
What is the greatest common factor of 3893 and 25877?
229
What is the greatest common factor of 3325 and 2800?
175
Calculate the greatest common divisor of 6 and 68943.
3
What is the greatest common factor of 2948 and 27984?
44
What is the highest common factor of 571615 and 1045?
1045
Calculate the highest common divisor of 156 and 3359772.
156
Calculate the highest common factor of 108 and 13149.
27
What is the greatest common factor of 116 and 90683?
29
Calculate the highest common factor of 18 and 19974.
6
Calculate the highest common factor of 2483946 and 27.
27
What is the greatest common factor of 352 and 112?
16
Calculate the highest common factor of 1992 and 24.
24
What is the greatest common factor of 21 and 20209?
7
What is the highest common factor of 26071 and 162313?
841
Calculate the highest common factor of 1320 and 59895.
165
What is the highest common factor of 648 and 2628?
36
What is the highest common divisor of 480 and 27640?
40
Calculate the highest common divisor of 729 and 2223.
9
What is the highest common factor of 10192672 and 28?
28
Calculate the highest common divisor of 152725 and 82.
41
Calculate the greatest common divisor of 2140 and 74044.
428
What is the highest common factor of 578 and 85?
17
What is the greatest common factor of 144 and 224244?
36
What is the highest common factor of 110916 and 972?
108
Calculate the highest common divisor of 240 and 183000.
120
What is the greatest common divisor of 9 and 11016?
9
What is the highest common divisor of 577 and 19041?
577
Calculate the greatest common divisor of 10428 and 132.
132
What is the highest common factor of 6 and 8739?
3
Calculate the hi